rue
Is 775453247 a prime number?
False
Is 1140360043 composite?
True
Is 14680552553 a prime number?
True
Is 1690199717 prime?
True
Is 328246699 a composite number?
True
Is 48277725593 a composite number?
False
Is 12110775197 a composite number?
True
Is 45091660381 a composite number?
True
Is 185020657 a prime number?
True
Is 1369819819 a composite number?
True
Is 9037718699 composite?
False
Is 862502551 composite?
True
Is 16933289921 prime?
False
Is 33948066143 a composite number?
False
Is 42817001263 prime?
True
Is 1441836457 composite?
False
Is 122987201 composite?
False
Is 43798698829 a composite number?
True
Is 121484732345 a prime number?
False
Is 1552082011 a prime number?
True
Is 561595343 composite?
False
Is 12650644091 a prime number?
True
Is 7678658971 a composite number?
False
Is 1852947241 prime?
False
Is 2568722939 prime?
False
Is 2851243223 prime?
False
Is 36261376486 composite?
True
Is 4533869221 a prime number?
False
Is 10093238537 composite?
False
Is 9715204907 a prime number?
True
Is 51518748157 prime?
False
Is 12592167839 composite?
False
Is 2493649 a prime number?
False
Is 3405378859 prime?
False
Is 2265166637 composite?
True
Is 35962989809 composite?
True
Is 8402840101 a composite number?
True
Is 698067233 a prime number?
True
Is 5003140061 a composite number?
False
Is 6988771129 a prime number?
True
Is 1403917321 prime?
False
Is 3333483859 composite?
False
Is 128505491 a prime number?
True
Is 41962111123 prime?
False
Is 115444319 a composite number?
False
Is 1082911789 prime?
True
Is 6680429873 a prime number?
False
Is 8209422031 a composite number?
False
Is 63575374943 composite?
False
Is 605319193 prime?
False
Is 2246931593 prime?
True
Is 37191986485 a prime number?
False
Is 15547259569 prime?
False
Is 22555342291 a prime number?
False
Is 19748060257 a composite number?
False
Is 2126728531 prime?
True
Is 50338231 composite?
True
Is 1849330807 prime?
True
Is 2052834359 a composite number?
True
Is 471828323 a composite number?
False
Is 185956159229 a composite number?
False
Is 8572400777 a composite number?
False
Is 3010537249 composite?
False
Is 648667457 composite?
True
Is 3599669071 composite?
True
Is 946733051 a composite number?
True
Is 24384583331 a composite number?
True
Is 26819778023 a composite number?
False
Is 7427847511 a composite number?
True
Is 16217632583 a composite number?
False
Is 18311056969 composite?
False
Is 12067359247 composite?
True
Is 82035949 a composite number?
False
Is 2579531453 prime?
True
Is 2219142865 a composite number?
True
Is 5339088109 prime?
True
Is 86054161 a composite number?
False
Is 1864167101 a prime number?
True
Is 64892809897 composite?
True
Is 110305797302 a composite number?
True
Is 390717971 prime?
False
Is 32049333629 prime?
True
Is 2324189177 a composite number?
True
Is 74370332921 a prime number?
True
Is 130437793879 a composite number?
False
Is 287660203 a prime number?
False
Is 1526723498 a composite number?
True
Is 2145459817 composite?
True
Is 301311739451 a prime number?
True
Is 7354825707 a composite number?
True
Is 250269839 composite?
False
Is 29360027 a composite number?
True
Is 1641087983 prime?
False
Is 8708680263 a composite number?
True
Is 486752527 a composite number?
False
Is 1175918735 a composite number?
True
Is 6202291859 a prime number?
True
Is 2289936409 prime?
True
Is 1152989951 a composite number?
True
Is 701497451 a composite number?
True
Is 15181425199 a composite number?
False
Is 15820836181 a prime number?
True
Is 36588185429 a composite number?
True
Is 483492397 composite?
True
Is 6381693677 composite?
True
Is 312558250321 a prime number?
True
Is 22710592819 a composite number?
True
Is 1983265187 prime?
True
Is 4078203061 prime?
True
Is 262066115 a composite number?
True
Is 1716082517 prime?
True
Is 142496881 prime?
False
Is 8933140231 composite?
False
Is 144085542329 prime?
False
Is 92424197 prime?
True
Is 356659517 composite?
False
Is 596495647 prime?
False
Is 2758479001 a prime number?
False
Is 5470819061 a prime number?
True
Is 6323207893 a composite number?
False
Is 55402511 composite?
False
Is 7925547053 prime?
True
Is 200534827 prime?
True
Is 6496742363 composite?
False
Is 109564552021 a prime number?
True
Is 2470127651 a prime number?
True
Is 86359708601 a prime number?
True
Is 60840385117 prime?
False
Is 2825182393 composite?
True
Is 4683299029 a prime number?
True
Is 4109950813 composite?
False
Is 2538269533 composite?
True
Is 162171209 prime?
True
Is 909251179 a prime number?
True
Is 1412073371 a composite number?
False
Is 196521151 a prime number?
True
Is 6530844913 composite?
False
Is 300167911 composite?
True
Is 61581386219 prime?
True
Is 17936417311 a prime number?
False
Is 23945556937 a composite number?
False
Is 31973439297 a composite number?
True
Is 253734617 a composite number?
True
Is 16643760167 composite?
True
Is 2872791863 a prime number?
False
Is 30796471493 a composite number?
False
Is 84619943 composite?
True
Is 3850046441 composite?
False
Is 183145929 composite?
True
Is 3299329435 prime?
False
Is 74151923177 a prime number?
True
Is 119371039 a prime number?
False
Is 4649543791 a prime number?
True
Is 3317861023 composite?
True
Is 356415749 composite?
True
Is 82284541813 prime?
True
Is 1638624613 prime?
False
Is 9690669353 a composite number?
True
Is 78976739801 a composite number?
True
Is 1512676117 a prime number?
True
Is 7864146515 a prime number?
False
Is 105430498403 composite?
False
Is 568632641 a prime number?
True
Is 28010486333 composite?
False
Is 11409520351 a prime number?
False
Is 7611528779 a prime number?
False
Is 13141920943 composite?
False
Is 1504876939 a prime number?
False
Is 116721089 a prime number?
False
Is 81997641401 prime?
False
Is 4801807441 a prime number?
False
Is 5593020143 a prime number?
True
Is 989240851 prime?
True
Is 495621059 prime?
True
Is 19605587357 prime?
True
Is 112928977463 a composite number?
True
Is 11609346097 a composite number?
False
Is 20994831959 composite?
False
Is 4118423237 a composite number?
False
Is 741358939 composite?
True
Is 2391514646 a composite number?
True
Is 992208989 composite?
False
Is 624698637 a prime number?
False
Is 137238263203 composite?
False
Is 38822007253 prime?
True
Is 125159663 a composite number?
False
Is 4445299933 a prime number?
True
Is 264362851 a prime number?
False
Is 5158389547 prime?
True
Is 661154943 prime?
False
Is 277042488643 composite?
True
Is 1212910541 prime?
True
Is 92583591923 composite?
False
Is 1194289769 composite?
False
Is 6600824743 a prime number?
True
Is 28930322923 composite?
True
Is 47743951 prime?
True
Is 27996004033 composite?
False
Is 312425989 a composite number?
False
Is 76063756942 a prime number?
False
Is 221376033823 composite?
True
Is 6567527987 a composite number?
True
Is 23813137979 prime?
True
Is 9059215233 prime?
False
Is 2039638191 prime?
False
Is 178750623071 a composite number?
False
Is 25393559441 prime?
False
Is 17129932271 a composite number?
False
Is 1283970059 a composite number?
True
Is 113295981529 a composite number?
True
Is 936669943 a prime number?
False
Is 113165177 composite?
True
Is 49052909 composite?
False
Is 5024021701 prime?
False
Is 4265405977 composite?
True
Is 15548164627 composite?
False
Is 3845083909 composite?
True
Is 2419615769 a prime number?
True
Is 30157293085 composite?
True
Is 3641736817 prime?
False
Is 490532131 a prime number?
True
Is 13732936145 a prime number?
False
Is 157192037 a prime number?
True
Is 875099177 composite?
True
Is 10517189381 a composite number?
False
Is 127310341 prime?
True
Is 143658178743 composite?
True
Is 109259923 a prime number?
False
Is 39743387651 composite?
True
Is 291826628867 a prime number?
False
Is 161677125263 a prime number?
True
Is 268235039 composite?
True
Is 562537229 composite?
True
Is 943491701 composite?
False
Is 50419004683 a prime number?
False
Is 263260841 composite?
True
Is 1015823773 prime?
False
Is 42723604093 composite?
False
Is 1151158649 a prime number?
False
Is 12592771249 a prime number?
True
Is 896320699 composite?
True
Is 135150292289 composite?
False
Is 5461022491 a composite number?
False
Is 2381840683 a composite number?
True
Is 384149939 prime?
True
Is 354702371 prime?
True
Is 3738448433 a composite number?
Tr